{"id":130,"date":"2026-02-11T09:44:04","date_gmt":"2026-02-11T09:44:04","guid":{"rendered":"https:\/\/journal.strategiiaplicate.ro\/?page_id=130"},"modified":"2026-02-23T17:45:52","modified_gmt":"2026-02-23T17:45:52","slug":"editorial-board","status":"publish","type":"page","link":"https:\/\/journal.strategiiaplicate.ro\/index.php\/editorial-board\/","title":{"rendered":"Editorial Board"},"content":{"rendered":"\n<p><\/p>\n\n\n\n<p><strong>Ion Lucian CATRINA<\/strong> &#8211; Conf. univ. dr., Facultatea de \u0218tiin\u021be ale Comunic\u0103rii, Universitatea Cre\u0219tin\u0103 Dimitrie Cantemir<\/p>\n\n\n\n<p><strong>Ionu\u0163 IFRIM<\/strong> \u2013 Conf. Univ. dr., cercet\u0103tor \u015ftiin\u0163ific la Institutul de Cercet\u0103ri Juridice al Academiei Rom\u00e2ne<\/p>\n\n\n\n<p><strong>Adrian C\u0102M\u0102R\u0102\u015eAN<\/strong> \u2013 Lect. Univ. Dr., \u015eef serviciu Protec\u0163ia informa\u0163iilor clasificate la Autoritatea de Supraveghere Financiar\u0103<\/p>\n\n\n\n<p><strong>Corina Georgiana ANTONOVICI<\/strong> \u2013 Conf. Univ. dr, Facultatea de Administra\u0163ie Public\u0103, \u015ecoala Na\u0163ional\u0103 de Studii Politice \u015fi Administrative<\/p>\n\n\n\n<p><strong>Iulia PARA<\/strong> &#8211; Conf.univ.dr. la Universitatea de Vest din Timi\u0219oara, Facultatea de Economie \u0219i de Administrare a Afacerilor<\/p>\n\n\n\n<p><strong>Sarmiza ANDRONIC <\/strong>\u2013&nbsp; Asist.univ.dr la Universitatea de Vest din Timi\u0219oara<\/p>\n\n\n\n<p><strong>Andy Constantin LEOVEANU <\/strong>&#8211; Lect. Univ. Dr, Facultatea de Administra\u0163ie Public\u0103, \u015ecoala Na\u0163ional\u0103 de Studii Politice \u015fi Administrative<\/p>\n\n\n\n<p><strong>Dorin\u2013Marinel EPARU<\/strong>-Lect. Universitar, Departamentul Opera\u0163ii \u00centrunite, Studii Strategice \u015fi de Securitate, Facultatea de securitate \u015fi ap\u0103rare, Universitatea Na\u0163ional\u0103 de Ap\u0103rare \u201eCarol I&#8221;<\/p>\n\n\n\n<p><strong>C\u0103t\u0103lin PEPTAN <\/strong>\u2013Col. (r) SRI, lect.univ.dr. titular \u00een cadrul Facult\u0103\u021bii de \u0218tiin\u021be ale Educa\u021biei, Drept \u0219i Administra\u021bie Public\u0103 a Universit\u0103\u021bii \u201eConstantin Br\u00e2ncu\u0219i\u201d din T\u00e2rgu-Jiu \u0219i cadru didactic asociat la Facultatea de \u0218tiin\u021be Politice, Filosofie \u0219i \u0218tiin\u021be ale Comunic\u0103rii a Universit\u0103\u021bii de Vest din Timi\u0219oara<\/p>\n\n\n\n<p><strong>Florin Marius POPA<\/strong> \u2013 Conf. Univ. dr., Facultatea de Administra\u021bie Public\u0103, \u015ecoala Na\u0163ional\u0103 de Studii Politice \u015fi Administrative<\/p>\n\n\n\n<p><strong>Ionu\u0163 RITE\u015e <\/strong>\u2013dr. cadru didactic asociat la Universitatea de Vest din Timi\u0219oara \u0219i la Universitatea Babe\u0219-Bolyai din Cluj-Napoca<\/p>\n\n\n\n<p><strong>Valeriu ANTONOVICI<\/strong> \u2013 Cadru Didactic Asociat la Facultatea de \u015etiin\u0163e Politice, \u015ecoala Na\u0163ional\u0103 de Studii Politice \u015fi Administrative<\/p>\n\n\n\n<p><strong>Sabin DR\u0102GULIN<\/strong>&#8211; prof. univ.dr., Facultatea de Drept, Economie, \u0218tiin\u021be Politice \u0219i Administrative, Universitatea \u201ePetre Andrei\u201d din Ia\u0219i<\/p>\n\n\n\n<p><strong>Adrian BANTA\u0218 <\/strong>-dr. la Universitatea Nationala de Aparare (Informa\u021bii \u0219i Securitate Na\u021bional\u0103) \/ drd. la Universitatea Nicolae Titulescu (Dreptul Uniunii Europene)<\/p>\n\n\n\n<p><strong>Cheif Editor<\/strong><\/p>\n\n\n\n<p><strong>Valeriu ANTONOVICI<\/strong> \u2013 Cadru Didactic Asociat la Facultatea de \u015etiin\u0163e Politice, \u015ecoala Na\u0163ional\u0103 de Studii Politice \u015fi Administrative<\/p>\n\n\n\n<p><strong>Deputy Chief<\/strong><\/p>\n\n\n\n<p><strong>Adrian BANTA\u0218 <\/strong>-dr. la Universitatea Nationala de Aparare (Informa\u021bii \u0219i Securitate Na\u021bional\u0103) \/ drd. la Universitatea Nicolae Titulescu (Dreptul Uniunii Europene)<\/p>\n\n\n\n<p><strong>Secretary General Editorial Office<\/strong><\/p>\n\n\n\n<p><strong>Ionu\u0163 RITE\u015e<\/strong> \u2013 dr. cadru didactic asociat la Universitatea de Vest din Timi\u0219oara \u0219i la Universitatea Babe\u0219-Bolyai din Cluj-Napoca<\/p>\n\n\n\n<p><strong>Honorary President<\/strong><\/p>\n\n\n\n<p><strong>\u015etefan GL\u0102VAN<\/strong>&nbsp; &#8211; Prof. univ. dr. Ambasador<\/p>\n\n\n\n<p><strong>Tehnoredactor<\/strong><\/p>\n\n\n\n<p><strong>Mihnea Ionu\u021b RITE\u0218<\/strong><\/p>\n","protected":false},"excerpt":{"rendered":"<p>Ion Lucian CATRINA &#8211; Conf. univ. dr., Facultatea de \u0218tiin\u021be ale Comunic\u0103rii, Universitatea Cre\u0219tin\u0103 Dimitrie Cantemir Ionu\u0163 IFRIM \u2013 Conf. Univ. dr., cercet\u0103tor \u015ftiin\u0163ific la Institutul de Cercet\u0103ri Juridice al Academiei Rom\u00e2ne Adrian C\u0102M\u0102R\u0102\u015eAN \u2013 Lect. Univ. Dr., \u015eef serviciu Protec\u0163ia informa\u0163iilor clasificate la Autoritatea de Supraveghere Financiar\u0103 Corina Georgiana ANTONOVICI \u2013 Conf. Univ. dr, [&hellip;]<\/p>\n","protected":false},"author":1,"featured_media":0,"parent":0,"menu_order":0,"comment_status":"closed","ping_status":"closed","template":"","meta":{"footnotes":""},"class_list":["post-130","page","type-page","status-publish","hentry"],"yoast_head":"<!-- This site is optimized with the Yoast SEO plugin v27.4 - https:\/\/yoast.com\/product\/yoast-seo-wordpress\/ -->\n<title>Editorial Board - Journal of Strategii Aplicate<\/title>\n<meta name=\"robots\" content=\"index, follow, max-snippet:-1, max-image-preview:large, max-video-preview:-1\" \/>\n<link rel=\"canonical\" href=\"https:\/\/journal.strategiiaplicate.ro\/index.php\/editorial-board\/\" \/>\n<meta property=\"og:locale\" content=\"en_US\" \/>\n<meta property=\"og:type\" content=\"article\" \/>\n<meta property=\"og:title\" content=\"Editorial Board - Journal of Strategii Aplicate\" \/>\n<meta property=\"og:description\" content=\"Ion Lucian CATRINA &#8211; Conf. univ. dr., Facultatea de \u0218tiin\u021be ale Comunic\u0103rii, Universitatea Cre\u0219tin\u0103 Dimitrie Cantemir Ionu\u0163 IFRIM \u2013 Conf. Univ. dr., cercet\u0103tor \u015ftiin\u0163ific la Institutul de Cercet\u0103ri Juridice al Academiei Rom\u00e2ne Adrian C\u0102M\u0102R\u0102\u015eAN \u2013 Lect. Univ. Dr., \u015eef serviciu Protec\u0163ia informa\u0163iilor clasificate la Autoritatea de Supraveghere Financiar\u0103 Corina Georgiana ANTONOVICI \u2013 Conf. Univ. dr, [&hellip;]\" \/>\n<meta property=\"og:url\" content=\"https:\/\/journal.strategiiaplicate.ro\/index.php\/editorial-board\/\" \/>\n<meta property=\"og:site_name\" content=\"Journal of Strategii Aplicate\" \/>\n<meta property=\"article:modified_time\" content=\"2026-02-23T17:45:52+00:00\" \/>\n<meta name=\"twitter:card\" content=\"summary_large_image\" \/>\n<meta name=\"twitter:label1\" content=\"Est. reading time\" \/>\n\t<meta name=\"twitter:data1\" content=\"2 minutes\" \/>\n<script type=\"application\/ld+json\" class=\"yoast-schema-graph\">{\"@context\":\"https:\\\/\\\/schema.org\",\"@graph\":[{\"@type\":\"WebPage\",\"@id\":\"https:\\\/\\\/journal.strategiiaplicate.ro\\\/index.php\\\/editorial-board\\\/\",\"url\":\"https:\\\/\\\/journal.strategiiaplicate.ro\\\/index.php\\\/editorial-board\\\/\",\"name\":\"Editorial Board - Journal of Strategii Aplicate\",\"isPartOf\":{\"@id\":\"https:\\\/\\\/journal.strategiiaplicate.ro\\\/#website\"},\"datePublished\":\"2026-02-11T09:44:04+00:00\",\"dateModified\":\"2026-02-23T17:45:52+00:00\",\"breadcrumb\":{\"@id\":\"https:\\\/\\\/journal.strategiiaplicate.ro\\\/index.php\\\/editorial-board\\\/#breadcrumb\"},\"inLanguage\":\"en-US\",\"potentialAction\":[{\"@type\":\"ReadAction\",\"target\":[\"https:\\\/\\\/journal.strategiiaplicate.ro\\\/index.php\\\/editorial-board\\\/\"]}]},{\"@type\":\"BreadcrumbList\",\"@id\":\"https:\\\/\\\/journal.strategiiaplicate.ro\\\/index.php\\\/editorial-board\\\/#breadcrumb\",\"itemListElement\":[{\"@type\":\"ListItem\",\"position\":1,\"name\":\"Home\",\"item\":\"https:\\\/\\\/journal.strategiiaplicate.ro\\\/\"},{\"@type\":\"ListItem\",\"position\":2,\"name\":\"Editorial Board\"}]},{\"@type\":\"WebSite\",\"@id\":\"https:\\\/\\\/journal.strategiiaplicate.ro\\\/#website\",\"url\":\"https:\\\/\\\/journal.strategiiaplicate.ro\\\/\",\"name\":\"Journal of Strategii Aplicate\",\"description\":\"\",\"publisher\":{\"@id\":\"https:\\\/\\\/journal.strategiiaplicate.ro\\\/#organization\"},\"potentialAction\":[{\"@type\":\"SearchAction\",\"target\":{\"@type\":\"EntryPoint\",\"urlTemplate\":\"https:\\\/\\\/journal.strategiiaplicate.ro\\\/?s={search_term_string}\"},\"query-input\":{\"@type\":\"PropertyValueSpecification\",\"valueRequired\":true,\"valueName\":\"search_term_string\"}}],\"inLanguage\":\"en-US\"},{\"@type\":\"Organization\",\"@id\":\"https:\\\/\\\/journal.strategiiaplicate.ro\\\/#organization\",\"name\":\"Journal of Strategii Aplicate\",\"url\":\"https:\\\/\\\/journal.strategiiaplicate.ro\\\/\",\"logo\":{\"@type\":\"ImageObject\",\"inLanguage\":\"en-US\",\"@id\":\"https:\\\/\\\/journal.strategiiaplicate.ro\\\/#\\\/schema\\\/logo\\\/image\\\/\",\"url\":\"https:\\\/\\\/journal.strategiiaplicate.ro\\\/wp-content\\\/uploads\\\/2026\\\/02\\\/Banner-Juournal-CSA-1024x683.png\",\"contentUrl\":\"https:\\\/\\\/journal.strategiiaplicate.ro\\\/wp-content\\\/uploads\\\/2026\\\/02\\\/Banner-Juournal-CSA-1024x683.png\",\"width\":1024,\"height\":683,\"caption\":\"Journal of Strategii Aplicate\"},\"image\":{\"@id\":\"https:\\\/\\\/journal.strategiiaplicate.ro\\\/#\\\/schema\\\/logo\\\/image\\\/\"}}]}<\/script>\n<!-- \/ Yoast SEO plugin. -->","yoast_head_json":{"title":"Editorial Board - Journal of Strategii Aplicate","robots":{"index":"index","follow":"follow","max-snippet":"max-snippet:-1","max-image-preview":"max-image-preview:large","max-video-preview":"max-video-preview:-1"},"canonical":"https:\/\/journal.strategiiaplicate.ro\/index.php\/editorial-board\/","og_locale":"en_US","og_type":"article","og_title":"Editorial Board - Journal of Strategii Aplicate","og_description":"Ion Lucian CATRINA &#8211; Conf. univ. dr., Facultatea de \u0218tiin\u021be ale Comunic\u0103rii, Universitatea Cre\u0219tin\u0103 Dimitrie Cantemir Ionu\u0163 IFRIM \u2013 Conf. Univ. dr., cercet\u0103tor \u015ftiin\u0163ific la Institutul de Cercet\u0103ri Juridice al Academiei Rom\u00e2ne Adrian C\u0102M\u0102R\u0102\u015eAN \u2013 Lect. Univ. Dr., \u015eef serviciu Protec\u0163ia informa\u0163iilor clasificate la Autoritatea de Supraveghere Financiar\u0103 Corina Georgiana ANTONOVICI \u2013 Conf. Univ. dr, [&hellip;]","og_url":"https:\/\/journal.strategiiaplicate.ro\/index.php\/editorial-board\/","og_site_name":"Journal of Strategii Aplicate","article_modified_time":"2026-02-23T17:45:52+00:00","twitter_card":"summary_large_image","twitter_misc":{"Est. reading time":"2 minutes"},"schema":{"@context":"https:\/\/schema.org","@graph":[{"@type":"WebPage","@id":"https:\/\/journal.strategiiaplicate.ro\/index.php\/editorial-board\/","url":"https:\/\/journal.strategiiaplicate.ro\/index.php\/editorial-board\/","name":"Editorial Board - Journal of Strategii Aplicate","isPartOf":{"@id":"https:\/\/journal.strategiiaplicate.ro\/#website"},"datePublished":"2026-02-11T09:44:04+00:00","dateModified":"2026-02-23T17:45:52+00:00","breadcrumb":{"@id":"https:\/\/journal.strategiiaplicate.ro\/index.php\/editorial-board\/#breadcrumb"},"inLanguage":"en-US","potentialAction":[{"@type":"ReadAction","target":["https:\/\/journal.strategiiaplicate.ro\/index.php\/editorial-board\/"]}]},{"@type":"BreadcrumbList","@id":"https:\/\/journal.strategiiaplicate.ro\/index.php\/editorial-board\/#breadcrumb","itemListElement":[{"@type":"ListItem","position":1,"name":"Home","item":"https:\/\/journal.strategiiaplicate.ro\/"},{"@type":"ListItem","position":2,"name":"Editorial Board"}]},{"@type":"WebSite","@id":"https:\/\/journal.strategiiaplicate.ro\/#website","url":"https:\/\/journal.strategiiaplicate.ro\/","name":"Journal of Strategii Aplicate","description":"","publisher":{"@id":"https:\/\/journal.strategiiaplicate.ro\/#organization"},"potentialAction":[{"@type":"SearchAction","target":{"@type":"EntryPoint","urlTemplate":"https:\/\/journal.strategiiaplicate.ro\/?s={search_term_string}"},"query-input":{"@type":"PropertyValueSpecification","valueRequired":true,"valueName":"search_term_string"}}],"inLanguage":"en-US"},{"@type":"Organization","@id":"https:\/\/journal.strategiiaplicate.ro\/#organization","name":"Journal of Strategii Aplicate","url":"https:\/\/journal.strategiiaplicate.ro\/","logo":{"@type":"ImageObject","inLanguage":"en-US","@id":"https:\/\/journal.strategiiaplicate.ro\/#\/schema\/logo\/image\/","url":"https:\/\/journal.strategiiaplicate.ro\/wp-content\/uploads\/2026\/02\/Banner-Juournal-CSA-1024x683.png","contentUrl":"https:\/\/journal.strategiiaplicate.ro\/wp-content\/uploads\/2026\/02\/Banner-Juournal-CSA-1024x683.png","width":1024,"height":683,"caption":"Journal of Strategii Aplicate"},"image":{"@id":"https:\/\/journal.strategiiaplicate.ro\/#\/schema\/logo\/image\/"}}]}},"_links":{"self":[{"href":"https:\/\/journal.strategiiaplicate.ro\/index.php\/wp-json\/wp\/v2\/pages\/130","targetHints":{"allow":["GET"]}}],"collection":[{"href":"https:\/\/journal.strategiiaplicate.ro\/index.php\/wp-json\/wp\/v2\/pages"}],"about":[{"href":"https:\/\/journal.strategiiaplicate.ro\/index.php\/wp-json\/wp\/v2\/types\/page"}],"author":[{"embeddable":true,"href":"https:\/\/journal.strategiiaplicate.ro\/index.php\/wp-json\/wp\/v2\/users\/1"}],"replies":[{"embeddable":true,"href":"https:\/\/journal.strategiiaplicate.ro\/index.php\/wp-json\/wp\/v2\/comments?post=130"}],"version-history":[{"count":10,"href":"https:\/\/journal.strategiiaplicate.ro\/index.php\/wp-json\/wp\/v2\/pages\/130\/revisions"}],"predecessor-version":[{"id":410,"href":"https:\/\/journal.strategiiaplicate.ro\/index.php\/wp-json\/wp\/v2\/pages\/130\/revisions\/410"}],"wp:attachment":[{"href":"https:\/\/journal.strategiiaplicate.ro\/index.php\/wp-json\/wp\/v2\/media?parent=130"}],"curies":[{"name":"wp","href":"https:\/\/api.w.org\/{rel}","templated":true}]}}